{"id":325,"date":"2013-06-18T16:43:17","date_gmt":"2013-06-18T16:43:17","guid":{"rendered":"http:\/\/s198177718.onlinehome.us\/saobien\/public_html\/?page_id=325"},"modified":"2013-06-21T20:31:47","modified_gmt":"2013-06-22T03:31:47","slug":"test-32","status":"publish","type":"page","link":"http:\/\/saobiennhatrang.net\/?page_id=325","title":{"rendered":"Tr\u01b0\u1eddng x\u01b0a \u2013 B\u1ea1n c\u0169"},"content":{"rendered":"<p style=\"text-align: center;\"><a href=\"http:\/\/s198177718.onlinehome.us\/saobien\/public_html\/wp-content\/uploads\/2013\/06\/tx01.jpg\"><img loading=\"lazy\" class=\"alignnone size-thumbnail wp-image-647\" title=\"M\u1eb9 Sao Bi\u1ec3n\" alt=\"tx01\" src=\"http:\/\/s198177718.onlinehome.us\/saobien\/public_html\/wp-content\/uploads\/2013\/06\/tx01-150x150.jpg\" width=\"150\" height=\"150\" \/><\/a> <a href=\"http:\/\/s198177718.onlinehome.us\/saobien\/public_html\/wp-content\/uploads\/2013\/06\/tx02.jpg\"><img loading=\"lazy\" class=\"alignnone size-thumbnail wp-image-648\" title=\"TCV Sao Bi\u1ec3n (nh\u00ecn t\u1eeb H\u00f2n Ch\u1ed3ng)\" alt=\"tx02\" src=\"http:\/\/s198177718.onlinehome.us\/saobien\/public_html\/wp-content\/uploads\/2013\/06\/tx02-150x150.jpg\" width=\"150\" height=\"150\" \/><\/a> <a href=\"http:\/\/s198177718.onlinehome.us\/saobien\/public_html\/wp-content\/uploads\/2013\/06\/tx03.jpg\"><img loading=\"lazy\" class=\"alignnone size-thumbnail wp-image-649\" title=\"TCV Sao Bi\u1ec3n (kh\u00f4ng \u1ea3nh)\" alt=\"tx03\" src=\"http:\/\/s198177718.onlinehome.us\/saobien\/public_html\/wp-content\/uploads\/2013\/06\/tx03-150x150.jpg\" width=\"150\" height=\"150\" \/><\/a> <a href=\"http:\/\/s198177718.onlinehome.us\/saobien\/public_html\/wp-content\/uploads\/2013\/06\/tx04.jpg\"><img loading=\"lazy\" class=\"alignnone size-thumbnail wp-image-650\" title=\"TCV Sao Bi\u1ec3n (kh\u00f4ng \u1ea3nh)\" alt=\"tx04\" src=\"http:\/\/s198177718.onlinehome.us\/saobien\/public_html\/wp-content\/uploads\/2013\/06\/tx04-150x150.jpg\" width=\"150\" height=\"150\" \/><\/a> <a href=\"http:\/\/s198177718.onlinehome.us\/saobien\/public_html\/wp-content\/uploads\/2013\/06\/tx05.jpg\"><img loading=\"lazy\" class=\"alignnone size-thumbnail wp-image-651\" title=\"TCV Sao Bi\u1ec3n (kh\u00f4ng \u1ea3nh)\" alt=\"tx05\" src=\"http:\/\/s198177718.onlinehome.us\/saobien\/public_html\/wp-content\/uploads\/2013\/06\/tx05-150x150.jpg\" width=\"150\" height=\"150\" \/><\/a> <a href=\"http:\/\/s198177718.onlinehome.us\/saobien\/public_html\/wp-content\/uploads\/2013\/06\/tx06.jpg\"><img loading=\"lazy\" class=\"alignnone size-thumbnail wp-image-652\" title=\"TCV Sao Bi\u1ec3n (d\u00e3y nh\u00e0 ch\u00fa Nh\u1ecf v\u00e0 ch\u00fa Trung)\" alt=\"tx06\" src=\"http:\/\/s198177718.onlinehome.us\/saobien\/public_html\/wp-content\/uploads\/2013\/06\/tx06-150x150.jpg\" width=\"150\" height=\"150\" \/><\/a> <a href=\"http:\/\/s198177718.onlinehome.us\/saobien\/public_html\/wp-content\/uploads\/2013\/06\/tx07b.jpg\"><img loading=\"lazy\" class=\"alignnone size-thumbnail wp-image-654\" title=\"Nh\u00e0 Nguy\u1ec7n\" alt=\"tx07b\" src=\"http:\/\/s198177718.onlinehome.us\/saobien\/public_html\/wp-content\/uploads\/2013\/06\/tx07b-150x150.jpg\" width=\"150\" height=\"150\" \/><\/a> <a href=\"http:\/\/s198177718.onlinehome.us\/saobien\/public_html\/wp-content\/uploads\/2013\/06\/tx07.jpg\"><img loading=\"lazy\" class=\"alignnone size-thumbnail wp-image-653\" title=\"Nh\u00e0 Nguy\u1ec7n\" alt=\"tx07\" src=\"http:\/\/s198177718.onlinehome.us\/saobien\/public_html\/wp-content\/uploads\/2013\/06\/tx07-150x150.jpg\" width=\"150\" height=\"150\" \/><\/a> <a href=\"http:\/\/s198177718.onlinehome.us\/saobien\/public_html\/wp-content\/uploads\/2013\/06\/tx08.jpg\"><img loading=\"lazy\" class=\"alignnone size-thumbnail wp-image-655\" title=\"S\u00e2n ch\u01a1i\" alt=\"tx08\" src=\"http:\/\/s198177718.onlinehome.us\/saobien\/public_html\/wp-content\/uploads\/2013\/06\/tx08-150x150.jpg\" width=\"150\" height=\"150\" \/><\/a> <a href=\"http:\/\/s198177718.onlinehome.us\/saobien\/public_html\/wp-content\/uploads\/2013\/06\/tx09.jpg\"><img loading=\"lazy\" class=\"alignnone size-thumbnail wp-image-656\" title=\"TCV Sao Bi\u1ec3n (d\u00e3y nh\u00e0 ch\u00fa Nh\u1ecf v\u00e0 ch\u00fa Trung)\" alt=\"tx09\" src=\"http:\/\/s198177718.onlinehome.us\/saobien\/public_html\/wp-content\/uploads\/2013\/06\/tx09-150x150.jpg\" width=\"150\" height=\"150\" \/><\/a> <a href=\"http:\/\/s198177718.onlinehome.us\/saobien\/public_html\/wp-content\/uploads\/2013\/06\/tx10.jpg\"><img loading=\"lazy\" class=\"alignnone size-thumbnail wp-image-657\" title=\"TCV Sao Bi\u1ec3n (nh\u00ecn t\u1eeb b\u00e3i bi\u1ec3n)\" alt=\"tx10\" src=\"http:\/\/s198177718.onlinehome.us\/saobien\/public_html\/wp-content\/uploads\/2013\/06\/tx10-150x150.jpg\" width=\"150\" height=\"150\" \/><\/a> <a href=\"http:\/\/s198177718.onlinehome.us\/saobien\/public_html\/wp-content\/uploads\/2013\/06\/nk60.jpg\"><img loading=\"lazy\" class=\"alignnone size-thumbnail wp-image-639\" title=\"Ni\u00ean kho\u00e1 1960-1961\" alt=\"nk60\" src=\"http:\/\/s198177718.onlinehome.us\/saobien\/public_html\/wp-content\/uploads\/2013\/06\/nk60-150x150.jpg\" width=\"150\" height=\"150\" \/><\/a> <a href=\"http:\/\/s198177718.onlinehome.us\/saobien\/public_html\/wp-content\/uploads\/2013\/06\/nk61.jpg\"><img loading=\"lazy\" class=\"alignnone size-thumbnail wp-image-640\" title=\"Ni\u00ean kho\u00e1 1961-1962\" alt=\"nk61\" src=\"http:\/\/s198177718.onlinehome.us\/saobien\/public_html\/wp-content\/uploads\/2013\/06\/nk61-150x150.jpg\" width=\"150\" height=\"150\" \/><\/a> <a href=\"http:\/\/s198177718.onlinehome.us\/saobien\/public_html\/wp-content\/uploads\/2013\/06\/nk62.jpg\"><img loading=\"lazy\" class=\"alignnone size-thumbnail wp-image-641\" title=\"Ni\u00ean kho\u00e1 1962-1963\" alt=\"nk62\" src=\"http:\/\/s198177718.onlinehome.us\/saobien\/public_html\/wp-content\/uploads\/2013\/06\/nk62-150x150.jpg\" width=\"150\" height=\"150\" \/><\/a> <a href=\"http:\/\/s198177718.onlinehome.us\/saobien\/public_html\/wp-content\/uploads\/2013\/06\/nk63.jpg\"><img loading=\"lazy\" class=\"alignnone size-thumbnail wp-image-642\" title=\"Ni\u00ean kho\u00e1 1963-1964\" alt=\"nk63\" src=\"http:\/\/s198177718.onlinehome.us\/saobien\/public_html\/wp-content\/uploads\/2013\/06\/nk63-150x150.jpg\" width=\"150\" height=\"150\" \/><\/a> <a href=\"http:\/\/s198177718.onlinehome.us\/saobien\/public_html\/wp-content\/uploads\/2013\/06\/nk64.jpg\"><img loading=\"lazy\" class=\"alignnone size-thumbnail wp-image-643\" title=\"Ni\u00ean kho\u00e1 1964-1965\" alt=\"nk64\" src=\"http:\/\/s198177718.onlinehome.us\/saobien\/public_html\/wp-content\/uploads\/2013\/06\/nk64-150x150.jpg\" width=\"150\" height=\"150\" \/><\/a> <a href=\"http:\/\/s198177718.onlinehome.us\/saobien\/public_html\/wp-content\/uploads\/2013\/06\/nk65.jpg\"><img loading=\"lazy\" class=\"alignnone size-thumbnail wp-image-644\" title=\"Ni\u00ean kho\u00e1 1965-1966\" alt=\"nk65\" src=\"http:\/\/s198177718.onlinehome.us\/saobien\/public_html\/wp-content\/uploads\/2013\/06\/nk65-150x150.jpg\" width=\"150\" height=\"150\" \/><\/a> <a href=\"http:\/\/s198177718.onlinehome.us\/saobien\/public_html\/wp-content\/uploads\/2013\/06\/nk66.jpg\"><img loading=\"lazy\" class=\"alignnone size-thumbnail wp-image-645\" title=\"Ni\u00ean kho\u00e1 1966-1967\" alt=\"nk66\" src=\"http:\/\/s198177718.onlinehome.us\/saobien\/public_html\/wp-content\/uploads\/2013\/06\/nk66-150x150.jpg\" width=\"150\" height=\"150\" \/><\/a> <a href=\"http:\/\/s198177718.onlinehome.us\/saobien\/public_html\/wp-content\/uploads\/2013\/06\/nk67.jpg\"><img loading=\"lazy\" class=\"alignnone size-thumbnail wp-image-646\" title=\"Ni\u00ean kho\u00e1 1967-1968\" alt=\"nk67\" src=\"http:\/\/s198177718.onlinehome.us\/saobien\/public_html\/wp-content\/uploads\/2013\/06\/nk67-150x150.jpg\" width=\"150\" height=\"150\" \/><\/a> <a href=\"http:\/\/s198177718.onlinehome.us\/saobien\/public_html\/wp-content\/uploads\/2013\/06\/bc57.jpg\"><img loading=\"lazy\" class=\"alignnone size-thumbnail wp-image-620\" title=\"L\u1edbp \u0111\u00e0n anh\" alt=\"bc57\" src=\"http:\/\/s198177718.onlinehome.us\/saobien\/public_html\/wp-content\/uploads\/2013\/06\/bc57-150x150.jpg\" width=\"150\" height=\"150\" \/><\/a> <a href=\"http:\/\/s198177718.onlinehome.us\/saobien\/public_html\/wp-content\/uploads\/2013\/06\/bc58.jpg\"><img loading=\"lazy\" class=\"alignnone size-thumbnail wp-image-621\" title=\"Anh em l\u1edbp 1958\" alt=\"bc58\" src=\"http:\/\/s198177718.onlinehome.us\/saobien\/public_html\/wp-content\/uploads\/2013\/06\/bc58-150x150.jpg\" width=\"150\" height=\"150\" \/><\/a> <a href=\"http:\/\/s198177718.onlinehome.us\/saobien\/public_html\/wp-content\/uploads\/2013\/06\/bc59.jpg\"><img loading=\"lazy\" class=\"alignnone size-thumbnail wp-image-622\" title=\"Anh em l\u1edbp 1959\" alt=\"bc59\" src=\"http:\/\/s198177718.onlinehome.us\/saobien\/public_html\/wp-content\/uploads\/2013\/06\/bc59-150x150.jpg\" width=\"150\" height=\"150\" \/><\/a> <a href=\"http:\/\/s198177718.onlinehome.us\/saobien\/public_html\/wp-content\/uploads\/2013\/06\/bc60.jpg\"><img loading=\"lazy\" class=\"alignnone size-thumbnail wp-image-623\" title=\"Anh em l\u1edbp 1960\" alt=\"bc60\" src=\"http:\/\/s198177718.onlinehome.us\/saobien\/public_html\/wp-content\/uploads\/2013\/06\/bc60-150x150.jpg\" width=\"150\" height=\"150\" \/><\/a> <a href=\"http:\/\/s198177718.onlinehome.us\/saobien\/public_html\/wp-content\/uploads\/2013\/06\/bc61.jpg\"><img loading=\"lazy\" class=\"alignnone size-thumbnail wp-image-624\" title=\"Anh em l\u1edbp 1961\" alt=\"bc61\" src=\"http:\/\/s198177718.onlinehome.us\/saobien\/public_html\/wp-content\/uploads\/2013\/06\/bc61-150x150.jpg\" width=\"150\" height=\"150\" \/><\/a> <a href=\"http:\/\/s198177718.onlinehome.us\/saobien\/public_html\/wp-content\/uploads\/2013\/06\/bc62.jpg\"><img loading=\"lazy\" class=\"alignnone size-thumbnail wp-image-625\" title=\"Anh em l\u1edbp 1962\" alt=\"bc62\" src=\"http:\/\/s198177718.onlinehome.us\/saobien\/public_html\/wp-content\/uploads\/2013\/06\/bc62-150x150.jpg\" width=\"150\" height=\"150\" \/><\/a> <a href=\"http:\/\/s198177718.onlinehome.us\/saobien\/public_html\/wp-content\/uploads\/2013\/06\/bc63.jpg\"><img loading=\"lazy\" class=\"alignnone size-thumbnail wp-image-626\" title=\"Anh em l\u1edbp 1963\" alt=\"bc63\" src=\"http:\/\/s198177718.onlinehome.us\/saobien\/public_html\/wp-content\/uploads\/2013\/06\/bc63-150x150.jpg\" width=\"150\" height=\"150\" \/><\/a> <a href=\"http:\/\/s198177718.onlinehome.us\/saobien\/public_html\/wp-content\/uploads\/2013\/06\/bc64.jpg\"><img loading=\"lazy\" class=\"alignnone size-thumbnail wp-image-627\" title=\"Anh em l\u1edbp 1964\" alt=\"bc64\" src=\"http:\/\/s198177718.onlinehome.us\/saobien\/public_html\/wp-content\/uploads\/2013\/06\/bc64-150x150.jpg\" width=\"150\" height=\"150\" \/><\/a> <a href=\"http:\/\/s198177718.onlinehome.us\/saobien\/public_html\/wp-content\/uploads\/2013\/06\/bc65.jpg\"><img loading=\"lazy\" class=\"alignnone size-thumbnail wp-image-628\" title=\"Anh em l\u1edbp 1965 (CV. Ch\u00faa Chi\u00ean L\u00e0nh, \u0110\u00e0 L\u1ea1t)\" alt=\"bc65\" src=\"http:\/\/s198177718.onlinehome.us\/saobien\/public_html\/wp-content\/uploads\/2013\/06\/bc65-150x150.jpg\" width=\"150\" height=\"150\" \/><\/a> <a href=\"http:\/\/s198177718.onlinehome.us\/saobien\/public_html\/wp-content\/uploads\/2013\/06\/bc66.jpg\"><img loading=\"lazy\" class=\"alignnone size-thumbnail wp-image-629\" title=\"Anh em l\u1edbp 1966 (CV. Ch\u00faa Chi\u00ean L\u00e0nh, \u0110\u00e0 L\u1ea1t)\" alt=\"bc66\" src=\"http:\/\/s198177718.onlinehome.us\/saobien\/public_html\/wp-content\/uploads\/2013\/06\/bc66-150x150.jpg\" width=\"150\" height=\"150\" \/><\/a> <a href=\"http:\/\/s198177718.onlinehome.us\/saobien\/public_html\/wp-content\/uploads\/2013\/06\/bc68.jpg\"><img loading=\"lazy\" class=\"alignnone size-thumbnail wp-image-630\" title=\"Anh em l\u1edbp 1968\" alt=\"bc68\" src=\"http:\/\/s198177718.onlinehome.us\/saobien\/public_html\/wp-content\/uploads\/2013\/06\/bc68-150x150.jpg\" width=\"150\" height=\"150\" \/><\/a> <a href=\"http:\/\/s198177718.onlinehome.us\/saobien\/public_html\/wp-content\/uploads\/2013\/06\/bc69a.jpg\"><img loading=\"lazy\" class=\"alignnone size-thumbnail wp-image-631\" title=\"Anh em l\u1edbp 1969\" alt=\"bc69a\" src=\"http:\/\/s198177718.onlinehome.us\/saobien\/public_html\/wp-content\/uploads\/2013\/06\/bc69a-150x150.jpg\" width=\"150\" height=\"150\" \/><\/a> <a href=\"http:\/\/s198177718.onlinehome.us\/saobien\/public_html\/wp-content\/uploads\/2013\/06\/bc69b.jpg\"><img loading=\"lazy\" class=\"alignnone size-thumbnail wp-image-632\" title=\"Anh em l\u1edbp 1969\" alt=\"bc69b\" src=\"http:\/\/s198177718.onlinehome.us\/saobien\/public_html\/wp-content\/uploads\/2013\/06\/bc69b-150x150.jpg\" width=\"150\" height=\"150\" \/><\/a> <a href=\"http:\/\/s198177718.onlinehome.us\/saobien\/public_html\/wp-content\/uploads\/2013\/06\/bc6970.jpg\"><img loading=\"lazy\" class=\"alignnone size-thumbnail wp-image-636\" title=\"Anh em l\u1edbp 1969-70\" alt=\"bc6970\" src=\"http:\/\/s198177718.onlinehome.us\/saobien\/public_html\/wp-content\/uploads\/2013\/06\/bc6970-150x150.jpg\" width=\"150\" height=\"150\" \/><\/a> <a href=\"http:\/\/s198177718.onlinehome.us\/saobien\/public_html\/wp-content\/uploads\/2013\/06\/bc72.jpg\"><img loading=\"lazy\" class=\"alignnone size-thumbnail wp-image-633\" title=\"Anh em l\u1edbp 1972\" alt=\"bc72\" src=\"http:\/\/s198177718.onlinehome.us\/saobien\/public_html\/wp-content\/uploads\/2013\/06\/bc72-150x150.jpg\" width=\"150\" height=\"150\" \/><\/a> <a href=\"http:\/\/s198177718.onlinehome.us\/saobien\/public_html\/wp-content\/uploads\/2013\/06\/bc73.jpg\"><img loading=\"lazy\" class=\"alignnone size-thumbnail wp-image-634\" title=\"Anh em l\u1edbp 1973\" alt=\"bc73\" src=\"http:\/\/s198177718.onlinehome.us\/saobien\/public_html\/wp-content\/uploads\/2013\/06\/bc73-150x150.jpg\" width=\"150\" height=\"150\" \/><\/a> <a href=\"http:\/\/s198177718.onlinehome.us\/saobien\/public_html\/wp-content\/uploads\/2013\/06\/bc74.jpg\"><img loading=\"lazy\" class=\"alignnone size-thumbnail wp-image-635\" title=\"Anh em l\u1edbp 1974\" alt=\"bc74\" src=\"http:\/\/s198177718.onlinehome.us\/saobien\/public_html\/wp-content\/uploads\/2013\/06\/bc74-150x150.jpg\" width=\"150\" height=\"150\" \/><\/a> <a href=\"http:\/\/s198177718.onlinehome.us\/saobien\/public_html\/wp-content\/uploads\/2013\/06\/bchuongdao.jpg\"><img loading=\"lazy\" class=\"alignnone size-thumbnail wp-image-637\" title=\"Sinh ho\u1ea1t H\u01b0\u1edbng \u0110\u1ea1o t\u1ea1i TCV Sao Bi\u1ec3n\" alt=\"bchuongdao\" src=\"http:\/\/s198177718.onlinehome.us\/saobien\/public_html\/wp-content\/uploads\/2013\/06\/bchuongdao-150x150.jpg\" width=\"150\" height=\"150\" \/><\/a> <a href=\"http:\/\/s198177718.onlinehome.us\/saobien\/public_html\/wp-content\/uploads\/2013\/06\/bchuongdao2.jpg\"><img loading=\"lazy\" class=\"alignnone size-thumbnail wp-image-638\" title=\"Sinh ho\u1ea1t H\u01b0\u1edbng \u0110\u1ea1o t\u1ea1i TCV Sao Bi\u1ec3n\" alt=\"bchuongdao2\" src=\"http:\/\/s198177718.onlinehome.us\/saobien\/public_html\/wp-content\/uploads\/2013\/06\/bchuongdao2-150x150.jpg\" width=\"150\" height=\"150\" \/><\/a><\/p>\n","protected":false},"excerpt":{"rendered":"","protected":false},"author":1,"featured_media":0,"parent":321,"menu_order":0,"comment_status":"closed","ping_status":"open","template":"","meta":[],"_links":{"self":[{"href":"http:\/\/saobiennhatrang.net\/index.php?rest_route=\/wp\/v2\/pages\/325"}],"collection":[{"href":"http:\/\/saobiennhatrang.net\/index.php?rest_route=\/wp\/v2\/pages"}],"about":[{"href":"http:\/\/saobiennhatrang.net\/index.php?rest_route=\/wp\/v2\/types\/page"}],"author":[{"embeddable":true,"href":"http:\/\/saobiennhatrang.net\/index.php?rest_route=\/wp\/v2\/users\/1"}],"replies":[{"embeddable":true,"href":"http:\/\/saobiennhatrang.net\/index.php?rest_route=%2Fwp%2Fv2%2Fcomments&post=325"}],"version-history":[{"count":13,"href":"http:\/\/saobiennhatrang.net\/index.php?rest_route=\/wp\/v2\/pages\/325\/revisions"}],"predecessor-version":[{"id":4362,"href":"http:\/\/saobiennhatrang.net\/index.php?rest_route=\/wp\/v2\/pages\/325\/revisions\/4362"}],"up":[{"embeddable":true,"href":"http:\/\/saobiennhatrang.net\/index.php?rest_route=\/wp\/v2\/pages\/321"}],"wp:attachment":[{"href":"http:\/\/saobiennhatrang.net\/index.php?rest_route=%2Fwp%2Fv2%2Fmedia&parent=325"}],"curies":[{"name":"wp","href":"https:\/\/api.w.org\/{rel}","templated":true}]}}