{"id":4206,"date":"2018-04-28T11:58:59","date_gmt":"2018-04-28T18:58:59","guid":{"rendered":"http:\/\/saobiennhatrang.net\/?page_id=4206"},"modified":"2021-08-16T19:15:32","modified_gmt":"2021-08-17T02:15:32","slug":"test","status":"publish","type":"page","link":"http:\/\/saobiennhatrang.net\/?page_id=4206","title":{"rendered":"Nh\u1eefng l\u1ea7n ti\u1ec5n bi\u1ec7t"},"content":{"rendered":"<ul>\n<li><a href=\"https:\/\/photos.app.goo.gl\/nYVqGvoOKjekWNMo1\">Tang l\u1ec5 c\u1ee7a anh Gioakim L\u00ea Quang SB68\u00a0(04\/03\/2018)<\/a><\/li>\n<li><a href=\"https:\/\/photos.app.goo.gl\/GMv9FeZYijfuxUED3\" target=\"_blank\" rel=\"noopener\">Tang l\u1ec5 c\u1ee7a anh Phaol\u00f4 Nguy\u1ec5n Xu\u00e2n Nh\u1ecb SB58\u00a0(28\/11\/2017)<\/a><\/li>\n<li><a href=\"https:\/\/photos.app.goo.gl\/sL1AI1EBNidlrR2G3\" target=\"_blank\" rel=\"noopener\">Th\u00e1nh l\u1ec5 c\u1ea7u nguy\u1ec7n cho anh Giuse Nguy\u1ec5n Hoan SB57\u00a0(20\/10\/2017)<\/a><\/li>\n<li><a href=\"https:\/\/goo.gl\/photos\/vwbm4d1ASFXQ8fZ36\" target=\"_blank\" rel=\"noopener\">Tang l\u1ec5 c\u1ee7a anh Phaol\u00f4 Nguy\u1ec5n Ph\u01b0\u1edbc SB64\u00a0(03\/09\/2017)<\/a><\/li>\n<li><a href=\"https:\/\/goo.gl\/photos\/7rnVgY7wC8ZNfb5Q7\" target=\"_blank\" rel=\"noopener\">Tang l\u1ec5 c\u1ee7a \u00f4ng C\u1ed1 Gioan Bosco V\u00f5 Ng\u1ecdc Tr\u00e2n SB64\u00a0(26\/06\/2017)<\/a><\/li>\n<li><a href=\"https:\/\/goo.gl\/photos\/eWK3877KT2TotEhq5\" target=\"_blank\" rel=\"noopener\">Anh em CSB ph\u00fang\u00a0\u0111i\u1ebfu\u00a0\u00f4ng\u00a0C\u1ed1 Gioan Bosco\u00a0V\u00f5 Ng\u1ecdc Tr\u00e2n SB64\u00a0(26\/06\/2017)<\/a><\/li>\n<li><a href=\"https:\/\/goo.gl\/photos\/AUKSdFN41uzDykhF6\" target=\"_blank\" rel=\"noopener\">Tang l\u1ec5 c\u1ee7a anh Ph\u00ear\u00f4 Phan Xu\u00e2n H\u00f9ng SB69-70 (15\/06\/2017)<\/a><\/li>\n<li><a href=\"https:\/\/goo.gl\/photos\/Q8oZPuu5Ww7Evvrf6\" target=\"_blank\" rel=\"noopener\">Th\u00e1nh l\u1ec5 an t\u00e1ng \u0110\u1ee9c \u00f4ng Ph\u00ear\u00f4 Nguy\u1ec5n Quang S\u00e1ch\u00a0(08\/03\/2017)<\/a><\/li>\n<li><a href=\"https:\/\/goo.gl\/photos\/863AcznnXzkperobA\" target=\"_blank\" rel=\"noopener\">Anh em CSB ph\u00fang\u00a0\u0111i\u1ebfu\u00a0\u0110\u1ee9c \u00f4ng C\u1ef1u B\u1ec1 tr\u00ean Ph\u00ear\u00f4 Nguy\u1ec5n Quang S\u00e1ch\u00a0(08\/03\/2017)<\/a><\/li>\n<li><a href=\"https:\/\/goo.gl\/photos\/pdbFpbEhBtJ4BPqU7\" target=\"_blank\" rel=\"noopener\">Th\u00e1nh l\u1ec5 v\u00e0 Nghi th\u1ee9c t\u1eabn li\u1ec7m\u00a0\u0110\u1ee9c \u00f4ng Ph\u00ear\u00f4 Nguy\u1ec5n Quang S\u00e1ch\u00a0(05\/03\/2017)<\/a><\/li>\n<li><a href=\"https:\/\/photos.app.goo.gl\/GNoXKgWZWeTizQMX2\" target=\"_blank\" rel=\"noopener\">L\u1ec5 Gi\u1ed7 14 n\u0103m c\u1ee7a \u0110\u1ee9c C\u1ed1 h\u1ed3ng y F.X. Nguy\u1ec5n V\u0103n Thu\u1eadn\u00a0(16\/09\/2016)<\/a><\/li>\n<li><a href=\"https:\/\/goo.gl\/photos\/2WsY5t48KLXRHase6\" target=\"_blank\" rel=\"noopener\">Th\u00e1nh l\u1ec5 an t\u00e1ng Cha gi\u00e1o Alexis Nguy\u1ec5n Th\u1ea1ch Ng\u1ecdc\u00a0(27\/03\/2015)<\/a><\/li>\n<li><a href=\"https:\/\/goo.gl\/photos\/mKQHiMeJRSXK8Rtf7\" target=\"_blank\" rel=\"noopener\">Tang l\u1ec5 c\u1ee7a anh Giuse L\u00ea C\u00f4ng T\u00e1nh SB63 (20\/11\/2014)<\/a><\/li>\n<li><a href=\"https:\/\/goo.gl\/photos\/1Ffb2pyU89RSGXae9\" target=\"_blank\" rel=\"noopener\">Th\u00e1nh l\u1ec5 an t\u00e1ng Cha gi\u00e1o B\u00ean\u00ea\u0111ict\u00f4 Nguy\u1ec5n C\u00f4ng Ph\u00fa\u00a0(19\/06\/2014)<\/a><\/li>\n<li><a href=\"https:\/\/goo.gl\/photos\/VTD5GL6Q8nWghqnK8\" target=\"_blank\" rel=\"noopener\">Anh em CSB ph\u00fang\u00a0\u0111i\u1ebfu\u00a0Cha gi\u00e1o B\u00ean\u00ea\u0111ict\u00f4 Nguy\u1ec5n C\u00f4ng Ph\u00fa\u00a0(18\/06\/2014)<\/a><\/li>\n<li><a href=\"https:\/\/photos.app.goo.gl\/C5j7s18wKDVXnjcq2\" target=\"_blank\" rel=\"noopener\">L\u1ec5 Gi\u1ed7 Cha Phaol\u00f4 Nguy\u1ec5n V\u0103n L\u1ea1c v\u00e0 Cha Augustin\u00f4 Mai H\u1ee9a SB60\u00a0(05\/02\/2014)<\/a><\/li>\n<li><a href=\"https:\/\/photos.app.goo.gl\/k3QK634ieTlRaSnw1\" target=\"_blank\" rel=\"noopener\">Th\u00e1nh l\u1ec5 an t\u00e1ng Cha Augustin\u00f4 Mai H\u1ee9a SB60 (19\/02\/2013)<\/a><\/li>\n<li><a href=\"https:\/\/photos.app.goo.gl\/lwxt3GqDtbQvJUze2\" target=\"_blank\" rel=\"noopener\">Anh em CSB d\u00e2ng th\u00e1nh l\u1ec5 c\u1ea7u nguy\u1ec7n cho\u00a0Cha Augustin\u00f4 Mai H\u1ee9a SB60 (19\/02\/2013)<\/a><\/li>\n<li><a href=\"https:\/\/photos.app.goo.gl\/n1izAHvV3Z68UQEN2\" target=\"_blank\" rel=\"noopener\">Nghi th\u1ee9c t\u1eabn li\u1ec7m v\u00e0 Th\u00e1nh l\u1ec5 an t\u00e1ng\u00a0Cha C\u1ef1u B\u1ec1 tr\u00ean Phanxic\u00f4 Assisi Nguy\u1ec5n T\u00f4n S\u00f9ng\u00a0(23\/05\/2011)<\/a><\/li>\n<li><a href=\"https:\/\/photos.app.goo.gl\/HS79LVd8Md390DFE2\" target=\"_blank\" rel=\"noopener\">Anh em CSB ph\u00fang\u00a0\u0111i\u1ebfu\u00a0Cha C\u1ef1u B\u1ec1 tr\u00ean Phanxic\u00f4 Assisi Nguy\u1ec5n T\u00f4n S\u00f9ng\u00a0(20\/05\/2011)<\/a><\/li>\n<li><a href=\"https:\/\/photos.app.goo.gl\/v75luYCaubWfDDkS2\" target=\"_blank\" rel=\"noopener\">Anh em CSB ph\u00fang\u00a0\u0111i\u1ebfu v\u00e0 d\u00e2ng l\u1ec5 c\u1ea7u nguy\u1ec7n cho\u00a0Cha gi\u00e1o Gioan Baotixita Nguy\u1ec5n H\u1eefu Ban\u00a0(15\/11\/2010)<\/a><\/li>\n<li><a href=\"https:\/\/goo.gl\/photos\/HdhhLbbV1m1Uv8U96\" target=\"_blank\" rel=\"noopener\">Th\u00e1nh l\u1ec5 c\u1ea7u nguy\u1ec7n v\u00e0 Nghi th\u1ee9c t\u1eabn li\u1ec7m\u00a0Cha gi\u00e1o Gioan Baotixita Nguy\u1ec5n H\u1eefu Ban\u00a0(14\/11\/2010)<\/a><\/li>\n<\/ul>\n","protected":false},"excerpt":{"rendered":"<p>Tang l\u1ec5 c\u1ee7a anh Gioakim L\u00ea Quang SB68\u00a0(04\/03\/2018) Tang l\u1ec5 c\u1ee7a anh Phaol\u00f4 Nguy\u1ec5n Xu\u00e2n Nh\u1ecb SB58\u00a0(28\/11\/2017) Th\u00e1nh l\u1ec5 c\u1ea7u nguy\u1ec7n cho anh Giuse Nguy\u1ec5n Hoan SB57\u00a0(20\/10\/2017) Tang l\u1ec5 c\u1ee7a anh Phaol\u00f4 Nguy\u1ec5n Ph\u01b0\u1edbc SB64\u00a0(03\/09\/2017) Tang l\u1ec5 c\u1ee7a \u00f4ng C\u1ed1 Gioan Bosco V\u00f5 Ng\u1ecdc Tr\u00e2n SB64\u00a0(26\/06\/2017) Anh em CSB ph\u00fang\u00a0\u0111i\u1ebfu\u00a0\u00f4ng\u00a0C\u1ed1 Gioan Bosco\u00a0V\u00f5 Ng\u1ecdc Tr\u00e2n SB64\u00a0(26\/06\/2017) &#8230; <a title=\"Nh\u1eefng l\u1ea7n ti\u1ec5n bi\u1ec7t\" class=\"read-more\" href=\"http:\/\/saobiennhatrang.net\/?page_id=4206\" aria-label=\"More on Nh\u1eefng l\u1ea7n ti\u1ec5n bi\u1ec7t\">Read more<\/a><\/p>\n","protected":false},"author":1,"featured_media":0,"parent":321,"menu_order":4,"comment_status":"closed","ping_status":"closed","template":"","meta":[],"_links":{"self":[{"href":"http:\/\/saobiennhatrang.net\/index.php?rest_route=\/wp\/v2\/pages\/4206"}],"collection":[{"href":"http:\/\/saobiennhatrang.net\/index.php?rest_route=\/wp\/v2\/pages"}],"about":[{"href":"http:\/\/saobiennhatrang.net\/index.php?rest_route=\/wp\/v2\/types\/page"}],"author":[{"embeddable":true,"href":"http:\/\/saobiennhatrang.net\/index.php?rest_route=\/wp\/v2\/users\/1"}],"replies":[{"embeddable":true,"href":"http:\/\/saobiennhatrang.net\/index.php?rest_route=%2Fwp%2Fv2%2Fcomments&post=4206"}],"version-history":[{"count":8,"href":"http:\/\/saobiennhatrang.net\/index.php?rest_route=\/wp\/v2\/pages\/4206\/revisions"}],"predecessor-version":[{"id":4319,"href":"http:\/\/saobiennhatrang.net\/index.php?rest_route=\/wp\/v2\/pages\/4206\/revisions\/4319"}],"up":[{"embeddable":true,"href":"http:\/\/saobiennhatrang.net\/index.php?rest_route=\/wp\/v2\/pages\/321"}],"wp:attachment":[{"href":"http:\/\/saobiennhatrang.net\/index.php?rest_route=%2Fwp%2Fv2%2Fmedia&parent=4206"}],"curies":[{"name":"wp","href":"https:\/\/api.w.org\/{rel}","templated":true}]}}